{"id":2198,"date":"2022-02-14T15:08:05","date_gmt":"2022-02-14T15:08:05","guid":{"rendered":"https:\/\/foro-mundial.org\/web\/?page_id=2198"},"modified":"2023-12-10T01:36:26","modified_gmt":"2023-12-10T01:36:26","slug":"las-vegas-nevada-usa","status":"publish","type":"page","link":"https:\/\/foro-mundial.org\/web\/las-vegas-nevada-usa\/","title":{"rendered":"Las Vegas &#8211; Nevada, USA"},"content":{"rendered":"\t\t<div data-elementor-type=\"wp-page\" data-elementor-id=\"2198\" class=\"elementor elementor-2198\">\n\t\t\t\t\t\t<section class=\"elementor-section elementor-top-section elementor-element elementor-element-b153b12 elementor-section-height-min-height elementor-section-boxed elementor-section-height-default elementor-section-items-middle\" data-id=\"b153b12\" data-element_type=\"section\" data-settings=\"{&quot;background_background&quot;:&quot;classic&quot;,&quot;ekit_section_parallax_multi&quot;:&quot;yes&quot;,&quot;ekit_section_parallax_multi_items&quot;:[{&quot;parallax_style&quot;:&quot;mousemove&quot;,&quot;image&quot;:{&quot;url&quot;:&quot;https:\\\/\\\/foro-mundial.org\\\/web\\\/wp-content\\\/uploads\\\/2022\\\/02\\\/price-pattern2.png&quot;,&quot;id&quot;:&quot;2048&quot;,&quot;size&quot;:&quot;&quot;},&quot;pos_x&quot;:{&quot;unit&quot;:&quot;%&quot;,&quot;size&quot;:&quot;0&quot;,&quot;sizes&quot;:[]},&quot;animation_iteration_count&quot;:null,&quot;parallax_speed&quot;:&quot;100&quot;,&quot;zindex&quot;:&quot;22&quot;,&quot;_id&quot;:&quot;69b9520&quot;,&quot;shape&quot;:null,&quot;width_type&quot;:&quot;&quot;,&quot;width_type_tablet&quot;:&quot;&quot;,&quot;width_type_mobile&quot;:&quot;&quot;,&quot;animation&quot;:null,&quot;animation_tablet&quot;:null,&quot;animation_mobile&quot;:null,&quot;item_opacity&quot;:&quot;1&quot;,&quot;animation_speed&quot;:null,&quot;parallax_transform&quot;:null,&quot;parallax_transform_value&quot;:null,&quot;smoothness&quot;:null,&quot;offsettop&quot;:null,&quot;offsetbottom&quot;:null,&quot;maxtilt&quot;:null,&quot;scale&quot;:null,&quot;disableaxis&quot;:null,&quot;item_source&quot;:&quot;image&quot;,&quot;shape_color&quot;:null,&quot;custom_width&quot;:null,&quot;custom_width_tablet&quot;:null,&quot;custom_width_mobile&quot;:null,&quot;source_rotate&quot;:{&quot;unit&quot;:&quot;deg&quot;,&quot;size&quot;:0,&quot;sizes&quot;:[]},&quot;source_rotate_tablet&quot;:{&quot;unit&quot;:&quot;px&quot;,&quot;size&quot;:&quot;&quot;,&quot;sizes&quot;:[]},&quot;source_rotate_mobile&quot;:{&quot;unit&quot;:&quot;px&quot;,&quot;size&quot;:&quot;&quot;,&quot;sizes&quot;:[]},&quot;parallax_blur_effect&quot;:{&quot;unit&quot;:&quot;px&quot;,&quot;size&quot;:0,&quot;sizes&quot;:[]},&quot;parallax_blur_effect_tablet&quot;:{&quot;unit&quot;:&quot;px&quot;,&quot;size&quot;:&quot;&quot;,&quot;sizes&quot;:[]},&quot;parallax_blur_effect_mobile&quot;:{&quot;unit&quot;:&quot;px&quot;,&quot;size&quot;:&quot;&quot;,&quot;sizes&quot;:[]},&quot;pos_x_tablet&quot;:{&quot;unit&quot;:&quot;px&quot;,&quot;size&quot;:&quot;&quot;,&quot;sizes&quot;:[]},&quot;pos_x_mobile&quot;:{&quot;unit&quot;:&quot;px&quot;,&quot;size&quot;:&quot;&quot;,&quot;sizes&quot;:[]},&quot;pos_y&quot;:{&quot;unit&quot;:&quot;%&quot;,&quot;size&quot;:10,&quot;sizes&quot;:[]},&quot;pos_y_tablet&quot;:{&quot;unit&quot;:&quot;px&quot;,&quot;size&quot;:&quot;&quot;,&quot;sizes&quot;:[]},&quot;pos_y_mobile&quot;:{&quot;unit&quot;:&quot;px&quot;,&quot;size&quot;:&quot;&quot;,&quot;sizes&quot;:[]},&quot;animation_direction&quot;:null}],&quot;ekit_section_parallax_bg&quot;:&quot;yes&quot;,&quot;ekit_section_parallax_bg_speed&quot;:0.5}\">\n\t\t\t\t\t\t<div class=\"elementor-container elementor-column-gap-default\">\n\t\t\t\t\t<div class=\"elementor-column elementor-col-100 elementor-top-column elementor-element elementor-element-43bcc77\" data-id=\"43bcc77\" data-element_type=\"column\">\n\t\t\t<div class=\"elementor-widget-wrap elementor-element-populated\">\n\t\t\t\t\t\t<div class=\"elementor-element elementor-element-b27b5b3 elementor-widget-mobile__width-initial elementor-invisible elementor-widget elementor-widget-heading\" data-id=\"b27b5b3\" data-element_type=\"widget\" data-settings=\"{&quot;_animation&quot;:&quot;fadeInUp&quot;,&quot;_animation_delay&quot;:&quot;350&quot;,&quot;ekit_we_effect_on&quot;:&quot;none&quot;}\" data-widget_type=\"heading.default\">\n\t\t\t\t\t<h1 class=\"elementor-heading-title elementor-size-default\">LAS VEGAS<\/h1>\t\t\t\t<\/div>\n\t\t\t\t<div class=\"elementor-element elementor-element-476b516 elementor-widget__width-initial elementor-widget-tablet__width-initial elementor-widget-mobile__width-initial elementor-invisible elementor-widget elementor-widget-heading\" data-id=\"476b516\" data-element_type=\"widget\" data-settings=\"{&quot;_animation&quot;:&quot;fadeInUp&quot;,&quot;_animation_delay&quot;:&quot;350&quot;,&quot;ekit_we_effect_on&quot;:&quot;none&quot;}\" data-widget_type=\"heading.default\">\n\t\t\t\t\t<h1 class=\"elementor-heading-title elementor-size-default\">USA<\/h1>\t\t\t\t<\/div>\n\t\t\t\t\t<\/div>\n\t\t<\/div>\n\t\t\t\t\t<\/div>\n\t\t<\/section>\n\t\t\t\t<section class=\"elementor-section elementor-top-section elementor-element elementor-element-47f9b80 elementor-section-boxed elementor-section-height-default elementor-section-height-default\" data-id=\"47f9b80\" data-element_type=\"section\">\n\t\t\t\t\t\t<div class=\"elementor-container elementor-column-gap-default\">\n\t\t\t\t\t<div class=\"elementor-column elementor-col-100 elementor-top-column elementor-element elementor-element-478cc0b\" data-id=\"478cc0b\" data-element_type=\"column\">\n\t\t\t<div class=\"elementor-widget-wrap elementor-element-populated\">\n\t\t\t\t\t\t<div class=\"elementor-element elementor-element-2272824 elementor-invisible elementor-widget elementor-widget-exhibz-title\" data-id=\"2272824\" data-element_type=\"widget\" data-settings=\"{&quot;_animation&quot;:&quot;slideInUp&quot;,&quot;_animation_delay&quot;:&quot;350&quot;,&quot;ekit_we_effect_on&quot;:&quot;none&quot;}\" data-widget_type=\"exhibz-title.default\">\n\t\t\t\t<div class=\"elementor-widget-container\">\n\t\t\t\t\t\n    <div class=\"title-section-area\">\n        <h2 class=\"section-title\">\n            <span class=\"sub-title\"><\/span>\n\t\t\tLas Vegas-Nevada, la ciudad construida sobre esperanzas, sue\u00f1os y un poco de locura        <\/h2>\n\t\t                    <span class=\"title-shape\">\n                  <svg xmlns='http:\/\/www.w3.org\/2000\/svg' xmlns:xlink='http:\/\/www.w3.org\/1999\/xlink' width='71px' height='11px'> <path fill-rule='evenodd' d='M59.669,10.710 L49.164,3.306 L39.428,10.681 L29.714,3.322 L20.006,10.682 L10.295,3.322 L1.185,10.228 L-0.010,8.578 L10.295,0.765 L20.006,8.125 L29.714,0.765 L39.428,8.125 L49.122,0.781 L59.680,8.223 L69.858,1.192 L70.982,2.895 L59.669,10.710 Z'\/><\/svg>\n            <\/span>\n                    <\/div><!-- Section title -->\n    \n    \n\n    \t\t\t\t<\/div>\n\t\t\t\t<\/div>\n\t\t\t\t<div class=\"elementor-element elementor-element-f275932 elementor-widget__width-initial elementor-invisible elementor-widget elementor-widget-text-editor\" data-id=\"f275932\" data-element_type=\"widget\" data-settings=\"{&quot;_animation&quot;:&quot;slideInRight&quot;,&quot;_animation_delay&quot;:&quot;350&quot;,&quot;ekit_we_effect_on&quot;:&quot;none&quot;}\" data-widget_type=\"text-editor.default\">\n\t\t\t\t\t\t\t\t\t<p>Las Vegas es el estado m\u00e1s grande de Nevada, situada en Estados Unidas, es la capital mundial del entretenimiento, un verdadero parque de atracciones, se ha convertido en una de las ciudades m\u00e1s visitadas del mundo.<\/p><p>Si decides viajar a Las Vegas ver\u00e1s que la ciudad es tal y como siempre la has imaginado, ya que es una ciudad totalmente diferente de cualquier otra, ubicada en medio del desierto y repleta de cualquier tipo de ocio. Quedar\u00e1s impresionado, ya que las infinitas luces y rascacielos que llenan la ciudad forman un paisaje espectacular.<\/p><p>David Copperfield, Madonna, Elton John y otros muchos artistas se encargar\u00e1n de que tu viaje sea perfecto.<\/p>\t\t\t\t\t\t\t\t<\/div>\n\t\t\t\t<div class=\"elementor-element elementor-element-32d8c7c elementor-widget__width-initial elementor-widget-mobile__width-initial elementor-widget elementor-widget-slides\" data-id=\"32d8c7c\" data-element_type=\"widget\" data-settings=\"{&quot;ekit_we_effect_on&quot;:&quot;none&quot;}\" data-widget_type=\"slides.default\">\n\t\t\t\t<div class=\"elementor-widget-container\">\n\t\t\t\t\t \t\t\t\t<\/div>\n\t\t\t\t<\/div>\n\t\t\t\t<div class=\"elementor-element elementor-element-29ddddd elementor-invisible elementor-widget elementor-widget-exhibz-title\" data-id=\"29ddddd\" data-element_type=\"widget\" data-settings=\"{&quot;_animation&quot;:&quot;slideInUp&quot;,&quot;_animation_delay&quot;:&quot;350&quot;,&quot;ekit_we_effect_on&quot;:&quot;none&quot;}\" data-widget_type=\"exhibz-title.default\">\n\t\t\t\t<div class=\"elementor-widget-container\">\n\t\t\t\t\t\n    <div class=\"title-section-area\">\n        <h2 class=\"section-title\">\n            <span class=\"sub-title\"><\/span>\n\t\t\t\u00bfPor qu\u00e9 viajar a las Vegas - Nevada?        <\/h2>\n\t\t                    <span class=\"title-shape\">\n                  <svg xmlns='http:\/\/www.w3.org\/2000\/svg' xmlns:xlink='http:\/\/www.w3.org\/1999\/xlink' width='71px' height='11px'> <path fill-rule='evenodd' d='M59.669,10.710 L49.164,3.306 L39.428,10.681 L29.714,3.322 L20.006,10.682 L10.295,3.322 L1.185,10.228 L-0.010,8.578 L10.295,0.765 L20.006,8.125 L29.714,0.765 L39.428,8.125 L49.122,0.781 L59.680,8.223 L69.858,1.192 L70.982,2.895 L59.669,10.710 Z'\/><\/svg>\n            <\/span>\n                    <\/div><!-- Section title -->\n    \n    \n\n    \t\t\t\t<\/div>\n\t\t\t\t<\/div>\n\t\t\t\t<div class=\"elementor-element elementor-element-04491c3 elementor-widget__width-initial elementor-widget-mobile__width-initial elementor-widget elementor-widget-slides\" data-id=\"04491c3\" data-element_type=\"widget\" data-settings=\"{&quot;ekit_we_effect_on&quot;:&quot;none&quot;}\" data-widget_type=\"slides.default\">\n\t\t\t\t<div class=\"elementor-widget-container\">\n\t\t\t\t\t \t\t\t\t<\/div>\n\t\t\t\t<\/div>\n\t\t\t\t<div class=\"elementor-element elementor-element-fc50dfa elementor-widget__width-initial elementor-widget-mobile__width-initial elementor-invisible elementor-widget elementor-widget-text-editor\" data-id=\"fc50dfa\" data-element_type=\"widget\" data-settings=\"{&quot;_animation&quot;:&quot;slideInRight&quot;,&quot;_animation_delay&quot;:&quot;350&quot;,&quot;ekit_we_effect_on&quot;:&quot;none&quot;}\" data-widget_type=\"text-editor.default\">\n\t\t\t\t\t\t\t\t\t<p>La ciudad de Las Vegas, es un lugar que merece la pena visitar, ya que no hay lugar en la tierra que se le asemeje. Es uno de los principales destinos tur\u00edsticos del pa\u00eds debido a sus hoteles, zonas comerciales y vacacionales, pero sobre todo gracias a sus casinos. Debido a ello es conocida como La Capital del Entretenimiento Mundial o La Capital de las Segundas Oportunidades.<\/p><p>Con sus incre\u00edbles espect\u00e1culos te sentir\u00e1s como si estuvieras de vacaciones en un mundo paralelo. Eso s\u00ed, no olviden probar su suerte en los casinos \u00a1suerte de principiante!<\/p>\t\t\t\t\t\t\t\t<\/div>\n\t\t\t\t\t<\/div>\n\t\t<\/div>\n\t\t\t\t\t<\/div>\n\t\t<\/section>\n\t\t\t\t<section class=\"elementor-section elementor-top-section elementor-element elementor-element-9ce90cc elementor-section-boxed elementor-section-height-default elementor-section-height-default\" data-id=\"9ce90cc\" data-element_type=\"section\">\n\t\t\t\t\t\t<div class=\"elementor-container elementor-column-gap-default\">\n\t\t\t\t\t<div class=\"elementor-column elementor-col-100 elementor-top-column elementor-element elementor-element-e1787d0\" data-id=\"e1787d0\" data-element_type=\"column\">\n\t\t\t<div class=\"elementor-widget-wrap elementor-element-populated\">\n\t\t\t\t\t\t<section class=\"elementor-section elementor-inner-section elementor-element elementor-element-88f1b8e elementor-section-boxed elementor-section-height-default elementor-section-height-default\" data-id=\"88f1b8e\" data-element_type=\"section\">\n\t\t\t\t\t\t<div class=\"elementor-container elementor-column-gap-default\">\n\t\t\t\t\t<div class=\"elementor-column elementor-col-100 elementor-inner-column elementor-element elementor-element-3e4c212\" data-id=\"3e4c212\" data-element_type=\"column\">\n\t\t\t<div class=\"elementor-widget-wrap elementor-element-populated\">\n\t\t\t\t\t\t<div class=\"elementor-element elementor-element-495e0bf elementor-widget elementor-widget-exhibz-feature\" data-id=\"495e0bf\" data-element_type=\"widget\" data-settings=\"{&quot;ekit_we_effect_on&quot;:&quot;none&quot;}\" data-widget_type=\"exhibz-feature.default\">\n\t\t\t\t<div class=\"elementor-widget-container\">\n\t\t\t\t\t \n    \t\t<div class=\"single-intro-text mb-70\">\n\t\t\t<i class=\"icon icon-netwrorking\"><\/i>\n\t\t\t<h3 class=\"ts-title\">1.-R\u00e9plicas a escala de famosas construcciones<\/h3>\n\t\t\t<p>\n\t\t     \tLas construcciones m\u00e1s famosas de todo el mundo se pueden observar en Las Vegas gracias a la existencia de r\u00e9plicas hechas a medida y con los detalles m\u00e1s importantes que te har\u00e1n pensar por un momento que te encuentras visitando La Torre Eiffel en Par\u00eds, Francia, o las Pir\u00e1mides de Egipto. La mayor\u00eda de estas r\u00e9plicas a escala son parte de la decoraci\u00f3n de lujosos hoteles que tambi\u00e9n funcionan como casinos.\t\t\t<\/p>\n\t\t\t<span class=\"count-number\">1<\/span>\n\t\t<\/div><!-- single intro text end-->\n    \n    \n\t\n\t\n\t \n\n    \n    \t\t\t\t<\/div>\n\t\t\t\t<\/div>\n\t\t\t\t<div class=\"elementor-element elementor-element-322f208 elementor-widget elementor-widget-exhibz-feature\" data-id=\"322f208\" data-element_type=\"widget\" data-settings=\"{&quot;ekit_we_effect_on&quot;:&quot;none&quot;}\" data-widget_type=\"exhibz-feature.default\">\n\t\t\t\t<div class=\"elementor-widget-container\">\n\t\t\t\t\t \n    \t\t<div class=\"single-intro-text mb-70\">\n\t\t\t<i class=\"icon icon-people\"><\/i>\n\t\t\t<h3 class=\"ts-title\">2.-  Premios por montones<\/h3>\n\t\t\t<p>\n\t\t     \tLas Vegas Nevada, es el lugar con la mayor concentraci\u00f3n de casinos en todo el mundo. Y es que diversos recintos est\u00e1n abiertos durante el d\u00eda y la noche.\t\t\t<\/p>\n\t\t\t<span class=\"count-number\">2<\/span>\n\t\t<\/div><!-- single intro text end-->\n    \n    \n\t\n\t\n\t \n\n    \n    \t\t\t\t<\/div>\n\t\t\t\t<\/div>\n\t\t\t\t<div class=\"elementor-element elementor-element-71b63a1 elementor-widget-tablet__width-initial elementor-widget elementor-widget-exhibz-feature\" data-id=\"71b63a1\" data-element_type=\"widget\" data-settings=\"{&quot;ekit_we_effect_on&quot;:&quot;none&quot;}\" data-widget_type=\"exhibz-feature.default\">\n\t\t\t\t<div class=\"elementor-widget-container\">\n\t\t\t\t\t \n    \t\t<div class=\"single-intro-text mb-70\">\n\t\t\t<i class=\"icon icon-speaker\"><\/i>\n\t\t\t<h3 class=\"ts-title\">3.- El Gran Ca\u00f1on<\/h3>\n\t\t\t<p>\n\t\t     \tEste parque nacional es una aut\u00e9ntica belleza de la naturaleza. Un paisaje \u00fanico en el mundo, quedar\u00e1s sorprendido por sus caracter\u00edsticas geol\u00f3gicas y su color rojizo que dan cobijo al famoso r\u00edo Colorado.\t\t\t<\/p>\n\t\t\t<span class=\"count-number\">3<\/span>\n\t\t<\/div><!-- single intro text end-->\n    \n    \n\t\n\t\n\t \n\n    \n    \t\t\t\t<\/div>\n\t\t\t\t<\/div>\n\t\t\t\t<div class=\"elementor-element elementor-element-2ac9f2d elementor-widget elementor-widget-exhibz-feature\" data-id=\"2ac9f2d\" data-element_type=\"widget\" data-settings=\"{&quot;ekit_we_effect_on&quot;:&quot;none&quot;}\" data-widget_type=\"exhibz-feature.default\">\n\t\t\t\t<div class=\"elementor-widget-container\">\n\t\t\t\t\t \n    \t\t<div class=\"single-intro-text mb-70\">\n\t\t\t<i class=\"icon icon-fun\"><\/i>\n\t\t\t<h3 class=\"ts-title\">4.- Come a lo grande en un buf\u00e9 <\/h3>\n\t\t\t<p>\n\t\t     \tTodo lo que te cuenten sobre los restaurantes de Las Vegas te parecer\u00e1 producto de la fantas\u00eda hasta que lo veas con tus propios ojos. Probablemente, lo que m\u00e1s llama la atenci\u00f3n son los buf\u00e9s por la enorme variedad de platos que ofrecen. \t\t\t<\/p>\n\t\t\t<span class=\"count-number\">4<\/span>\n\t\t<\/div><!-- single intro text end-->\n    \n    \n\t\n\t\n\t \n\n    \n    \t\t\t\t<\/div>\n\t\t\t\t<\/div>\n\t\t\t\t<div class=\"elementor-element elementor-element-2648e2f elementor-widget elementor-widget-exhibz-feature\" data-id=\"2648e2f\" data-element_type=\"widget\" data-settings=\"{&quot;ekit_we_effect_on&quot;:&quot;none&quot;}\" data-widget_type=\"exhibz-feature.default\">\n\t\t\t\t<div class=\"elementor-widget-container\">\n\t\t\t\t\t \n    \t\t<div class=\"single-intro-text mb-70\">\n\t\t\t<i class=\"icon icon-fun\"><\/i>\n\t\t\t<h3 class=\"ts-title\">5.- Vistas impresionantes<\/h3>\n\t\t\t<p>\n\t\t     \tNo solo en la ciudad se pueden encontrar vistas apasionantes sino que en los alrededores se podr\u00e1 disfrutar de unas localizaciones que son maravillas naturales que se deben de ver una vez que se llega a Las Vegas. \t\t\t<\/p>\n\t\t\t<span class=\"count-number\">5<\/span>\n\t\t<\/div><!-- single intro text end-->\n    \n    \n\t\n\t\n\t \n\n    \n    \t\t\t\t<\/div>\n\t\t\t\t<\/div>\n\t\t\t\t<div class=\"elementor-element elementor-element-23cc5c5 elementor-widget elementor-widget-exhibz-feature\" data-id=\"23cc5c5\" data-element_type=\"widget\" data-settings=\"{&quot;ekit_we_effect_on&quot;:&quot;none&quot;}\" data-widget_type=\"exhibz-feature.default\">\n\t\t\t\t<div class=\"elementor-widget-container\">\n\t\t\t\t\t \n    \t\t<div class=\"single-intro-text mb-70\">\n\t\t\t<i class=\"icon icon-fun\"><\/i>\n\t\t\t<h3 class=\"ts-title\">6.-Disfrutar del show Fremont Street Experience. <\/h3>\n\t\t\t<p>\n\t\t     \tEste famoso show de luces bajo la b\u00f3veda-pantallada es de las m\u00e1s grandes e impresionantes del mundo, sin duda una de los mejores.\t\t\t<\/p>\n\t\t\t<span class=\"count-number\">6<\/span>\n\t\t<\/div><!-- single intro text end-->\n    \n    \n\t\n\t\n\t \n\n    \n    \t\t\t\t<\/div>\n\t\t\t\t<\/div>\n\t\t\t\t<div class=\"elementor-element elementor-element-e7d021c elementor-widget elementor-widget-exhibz-feature\" data-id=\"e7d021c\" data-element_type=\"widget\" data-settings=\"{&quot;ekit_we_effect_on&quot;:&quot;none&quot;}\" data-widget_type=\"exhibz-feature.default\">\n\t\t\t\t<div class=\"elementor-widget-container\">\n\t\t\t\t\t \n    \t\t<div class=\"single-intro-text mb-70\">\n\t\t\t<i class=\"icon icon-fun\"><\/i>\n\t\t\t<h3 class=\"ts-title\">7.- Para\u00edso de las compras<\/h3>\n\t\t\t<p>\n\t\t     \tSi eres amante de las compras, este es el lugar indicado para ti. Las Vegas tienen infinidad de centros comerciales y outlet. \t\t\t<\/p>\n\t\t\t<span class=\"count-number\">7<\/span>\n\t\t<\/div><!-- single intro text end-->\n    \n    \n\t\n\t\n\t \n\n    \n    \t\t\t\t<\/div>\n\t\t\t\t<\/div>\n\t\t\t\t<div class=\"elementor-element elementor-element-70b0aba elementor-widget elementor-widget-exhibz-feature\" data-id=\"70b0aba\" data-element_type=\"widget\" data-settings=\"{&quot;ekit_we_effect_on&quot;:&quot;none&quot;}\" data-widget_type=\"exhibz-feature.default\">\n\t\t\t\t<div class=\"elementor-widget-container\">\n\t\t\t\t\t \n    \t\t<div class=\"single-intro-text mb-70\">\n\t\t\t<i class=\"icon icon-fun\"><\/i>\n\t\t\t<h3 class=\"ts-title\">8.-Fuentes del Bellagio<\/h3>\n\t\t\t<p>\n\t\t     \tEn donde se realizan shows con m\u00fasica, y tiene m\u00e1s de 1.200 chorros. Un espect\u00e1culo que hay que ver al menos una vez en la vida.\t\t\t<\/p>\n\t\t\t<span class=\"count-number\">8<\/span>\n\t\t<\/div><!-- single intro text end-->\n    \n    \n\t\n\t\n\t \n\n    \n    \t\t\t\t<\/div>\n\t\t\t\t<\/div>\n\t\t\t\t<div class=\"elementor-element elementor-element-e6a4caa elementor-invisible elementor-widget elementor-widget-exhibz-title\" data-id=\"e6a4caa\" data-element_type=\"widget\" data-settings=\"{&quot;_animation&quot;:&quot;slideInUp&quot;,&quot;_animation_delay&quot;:&quot;350&quot;,&quot;ekit_we_effect_on&quot;:&quot;none&quot;}\" data-widget_type=\"exhibz-title.default\">\n\t\t\t\t<div class=\"elementor-widget-container\">\n\t\t\t\t\t\n    <div class=\"title-section-area\">\n        <h2 class=\"section-title\">\n            <span class=\"sub-title\"><\/span>\n\t\t\t\u00bfQu\u00e9 hacer en Las Vegas-Nevada?\n        <\/h2>\n\t\t                    <span class=\"title-shape\">\n                  <svg xmlns='http:\/\/www.w3.org\/2000\/svg' xmlns:xlink='http:\/\/www.w3.org\/1999\/xlink' width='71px' height='11px'> <path fill-rule='evenodd' d='M59.669,10.710 L49.164,3.306 L39.428,10.681 L29.714,3.322 L20.006,10.682 L10.295,3.322 L1.185,10.228 L-0.010,8.578 L10.295,0.765 L20.006,8.125 L29.714,0.765 L39.428,8.125 L49.122,0.781 L59.680,8.223 L69.858,1.192 L70.982,2.895 L59.669,10.710 Z'\/><\/svg>\n            <\/span>\n                    <\/div><!-- Section title -->\n    \n    \n\n    \t\t\t\t<\/div>\n\t\t\t\t<\/div>\n\t\t\t\t<div class=\"elementor-element elementor-element-1e9c276 elementor-invisible elementor-widget elementor-widget-text-editor\" data-id=\"1e9c276\" data-element_type=\"widget\" data-settings=\"{&quot;_animation&quot;:&quot;slideInRight&quot;,&quot;_animation_delay&quot;:&quot;350&quot;,&quot;ekit_we_effect_on&quot;:&quot;none&quot;}\" data-widget_type=\"text-editor.default\">\n\t\t\t\t\t\t\t\t\t<p>Se ha preguntado, \u00bfPor qu\u00e9 todo el mundo vuelve fascinado de Las Vegas?. Esto es porque Las Vegas, Nevada ofrece muchas formas de diversi\u00f3n, espect\u00e1culos nocturnos, marquesinas, restaurantes, casinos, centros comerciales, entre otras m\u00e1s diversiones. <br \/>Empecemos por visitar las r\u00e9plicas a escala de famosas construcciones como lo es la Torre Eiffel, pir\u00e1mides egipcias, barcos piratas y paseos en G\u00f3ndola en un solo lugar. No puedes decir que has visitado Las Vegas si no has estado en el Strip. Este tramo emblem\u00e1tico de Las Vegas Boulevard South, lleno hoteles y casinos ex\u00f3ticos que contienen fant\u00e1sticos teatros, bares, locales nocturnos y restaurantes, es uno de los destinos m\u00e1s populares del mundo para salir de marcha por la noche. Se recomienda visitar La Fremont Street Experience, es una zona comercial cubierta y peatonal que abarca las cinco manzanas.<\/p><p>D\u00e9jate sorprender por las fuentes del Bellagio, un espect\u00e1culo que no te puedes perder, ni mucho menos ir al Circo del Sol <br \/>Sin embargo, Las Vegas es todo eso y mucho m\u00e1s, ya que la ciudad tiene tambi\u00e9n muchos grandes destinos naturales en sus alrededores, como lo son: el Ca\u00f1\u00f3n del Colorado, Parque Nacional, Valle del Fuego, Antelope Canyon y Curva de La Herradura. A nivel cultural esta ciudad cuenta con los siguientes museos: Museo de la Historia Natural de Las Vegas, Museo del Ne\u00f3n y Museo de la Maf\u00eda.<\/p>\t\t\t\t\t\t\t\t<\/div>\n\t\t\t\t<div class=\"elementor-element elementor-element-c48f892 elementor-align-center elementor-invisible elementor-widget elementor-widget-button\" data-id=\"c48f892\" data-element_type=\"widget\" data-settings=\"{&quot;_animation&quot;:&quot;fadeInUp&quot;,&quot;_animation_delay&quot;:&quot;400&quot;,&quot;ekit_we_effect_on&quot;:&quot;none&quot;}\" data-widget_type=\"button.default\">\n\t\t\t\t\t\t\t\t\t\t<a class=\"elementor-button elementor-button-link elementor-size-md\" href=\"https:\/\/foro-mundial.org\/web\/wp-content\/uploads\/2023\/06\/GUIA-LAS-VEGAS-.pdf\" target=\"_blank\">\n\t\t\t\t\t\t<span class=\"elementor-button-content-wrapper\">\n\t\t\t\t\t\t\t\t\t<span class=\"elementor-button-text\">DESCARGAR GUIA DE VIAJE<\/span>\n\t\t\t\t\t<\/span>\n\t\t\t\t\t<\/a>\n\t\t\t\t\t\t\t\t<\/div>\n\t\t\t\t\t<\/div>\n\t\t<\/div>\n\t\t\t\t\t<\/div>\n\t\t<\/section>\n\t\t\t\t\t<\/div>\n\t\t<\/div>\n\t\t\t\t\t<\/div>\n\t\t<\/section>\n\t\t\t\t<section class=\"elementor-section elementor-top-section elementor-element elementor-element-241fa95 elementor-section-boxed elementor-section-height-default elementor-section-height-default\" data-id=\"241fa95\" data-element_type=\"section\">\n\t\t\t\t\t\t<div class=\"elementor-container elementor-column-gap-default\">\n\t\t\t\t\t<div class=\"elementor-column elementor-col-100 elementor-top-column elementor-element elementor-element-228caf8\" data-id=\"228caf8\" data-element_type=\"column\">\n\t\t\t<div class=\"elementor-widget-wrap elementor-element-populated\">\n\t\t\t\t\t\t<div class=\"elementor-element elementor-element-b206a16 elementor-widget__width-inherit elementor-widget elementor-widget-text-editor\" data-id=\"b206a16\" data-element_type=\"widget\" data-settings=\"{&quot;ekit_we_effect_on&quot;:&quot;none&quot;}\" data-widget_type=\"text-editor.default\">\n\t\t\t\t\t\t\t\t\t<div class=\"BackTo\"><a href=\"#\" class=\"icon icon-chevron-up\"><\/a><\/div>\t\t\t\t\t\t\t\t<\/div>\n\t\t\t\t\t<\/div>\n\t\t<\/div>\n\t\t\t\t\t<\/div>\n\t\t<\/section>\n\t\t\t\t<\/div>\n\t\t","protected":false},"excerpt":{"rendered":"<p>\/*! elementor &#8211; v3.18.0 &#8211; 29-11-2023 *\/ .elementor-heading-title{padding:0;margin:0;line-height:1}.elementor-widget-heading .elementor-heading-title[class*=elementor-size-]&gt;a{color:inherit;font-size:inherit;line-height:inherit}.elementor-widget-heading .elementor-heading-title.elementor-size-small{font-size:15px}.elementor-widget-heading .elementor-heading-title.elementor-size-medium{font-size:19px}.elementor-widget-heading .elementor-heading-title.elementor-size-large{font-size:29px}.elementor-widget-heading .elementor-heading-title.elementor-size-xl{font-size:39px}.elementor-widget-heading .elementor-heading-title.elementor-size-xxl{font-size:59px} LAS VEGAS USA Las Vegas-Nevada, la ciudad construida sobre esperanzas, sue\u00f1os y un poco de locura Las Vegas es el estado m\u00e1s grande de Nevada, situada en Estados Unidas, es la capital mundial del entretenimiento, un verdadero parque de atracciones, se [&hellip;]<\/p>\n","protected":false},"author":1,"featured_media":11375,"parent":0,"menu_order":0,"comment_status":"closed","ping_status":"closed","template":"elementor_header_footer","meta":{"footnotes":""},"class_list":["post-2198","page","type-page","status-publish","has-post-thumbnail","hentry"],"aioseo_notices":[],"jetpack_sharing_enabled":true,"_links":{"self":[{"href":"https:\/\/foro-mundial.org\/web\/wp-json\/wp\/v2\/pages\/2198","targetHints":{"allow":["GET"]}}],"collection":[{"href":"https:\/\/foro-mundial.org\/web\/wp-json\/wp\/v2\/pages"}],"about":[{"href":"https:\/\/foro-mundial.org\/web\/wp-json\/wp\/v2\/types\/page"}],"author":[{"embeddable":true,"href":"https:\/\/foro-mundial.org\/web\/wp-json\/wp\/v2\/users\/1"}],"replies":[{"embeddable":true,"href":"https:\/\/foro-mundial.org\/web\/wp-json\/wp\/v2\/comments?post=2198"}],"version-history":[{"count":30,"href":"https:\/\/foro-mundial.org\/web\/wp-json\/wp\/v2\/pages\/2198\/revisions"}],"predecessor-version":[{"id":13228,"href":"https:\/\/foro-mundial.org\/web\/wp-json\/wp\/v2\/pages\/2198\/revisions\/13228"}],"wp:featuredmedia":[{"embeddable":true,"href":"https:\/\/foro-mundial.org\/web\/wp-json\/wp\/v2\/media\/11375"}],"wp:attachment":[{"href":"https:\/\/foro-mundial.org\/web\/wp-json\/wp\/v2\/media?parent=2198"}],"curies":[{"name":"wp","href":"https:\/\/api.w.org\/{rel}","templated":true}]}}