{"id":12028,"date":"2023-06-23T19:53:32","date_gmt":"2023-06-23T19:53:32","guid":{"rendered":"https:\/\/foro-mundial.org\/web\/?page_id=12028"},"modified":"2023-12-09T21:44:52","modified_gmt":"2023-12-09T21:44:52","slug":"grupos-y-agencias","status":"publish","type":"page","link":"https:\/\/foro-mundial.org\/web\/grupos-y-agencias\/","title":{"rendered":"GRUPOS Y AGENCIAS"},"content":{"rendered":"\t\t<div data-elementor-type=\"wp-page\" data-elementor-id=\"12028\" class=\"elementor elementor-12028\">\n\t\t\t\t\t\t<section class=\"elementor-section elementor-top-section elementor-element elementor-element-04341ee elementor-section-boxed elementor-section-height-default elementor-section-height-default\" data-id=\"04341ee\" data-element_type=\"section\" data-settings=\"{&quot;background_background&quot;:&quot;classic&quot;}\">\n\t\t\t\t\t\t<div class=\"elementor-container elementor-column-gap-default\">\n\t\t\t\t\t<div class=\"elementor-column elementor-col-100 elementor-top-column elementor-element elementor-element-2b687a9\" data-id=\"2b687a9\" data-element_type=\"column\">\n\t\t\t<div class=\"elementor-widget-wrap elementor-element-populated\">\n\t\t\t\t\t\t<div class=\"elementor-element elementor-element-8ee0ff4 elementor-invisible elementor-widget elementor-widget-exhibz-title\" data-id=\"8ee0ff4\" data-element_type=\"widget\" data-settings=\"{&quot;_animation&quot;:&quot;slideInUp&quot;,&quot;_animation_delay&quot;:350,&quot;ekit_we_effect_on&quot;:&quot;none&quot;}\" data-widget_type=\"exhibz-title.default\">\n\t\t\t\t<div class=\"elementor-widget-container\">\n\t\t\t\t\t\n    <div class=\"title-section-area\">\n        <h2 class=\"section-title\">\n            <span class=\"sub-title\"><\/span>\n\t\t\tGrupos y agencias        <\/h2>\n\t\t                    <span class=\"title-shape\">\n                  <svg xmlns='http:\/\/www.w3.org\/2000\/svg' xmlns:xlink='http:\/\/www.w3.org\/1999\/xlink' width='71px' height='11px'> <path fill-rule='evenodd' d='M59.669,10.710 L49.164,3.306 L39.428,10.681 L29.714,3.322 L20.006,10.682 L10.295,3.322 L1.185,10.228 L-0.010,8.578 L10.295,0.765 L20.006,8.125 L29.714,0.765 L39.428,8.125 L49.122,0.781 L59.680,8.223 L69.858,1.192 L70.982,2.895 L59.669,10.710 Z'\/><\/svg>\n            <\/span>\n                    <\/div><!-- Section title -->\n    \n    \n\n    \t\t\t\t<\/div>\n\t\t\t\t<\/div>\n\t\t\t\t<div class=\"elementor-element elementor-element-59957d5 elementor-widget__width-initial elementor-invisible elementor-widget elementor-widget-text-editor\" data-id=\"59957d5\" data-element_type=\"widget\" data-settings=\"{&quot;_animation&quot;:&quot;slideInRight&quot;,&quot;_animation_delay&quot;:350,&quot;ekit_we_effect_on&quot;:&quot;none&quot;}\" data-widget_type=\"text-editor.default\">\n\t\t\t\t\t\t\t\t\t<p>Si formas parte de un grupo de Universitarios o te gustar\u00eda organizar un viaje y asistir al Foro Mundial de Universitarios junto a un grupo de al menos 25 personas, por favor cont\u00e1ctenos tenemos opciones de personalizaci\u00f3n para su itinerario de viaje, descuentos y beneficios al realizar reservaciones grupales, c\u00f3digos de descuento para tickets a\u00e9reos con algunas aerol\u00edneas, y muchos beneficios vas. Y aparte contacta con usted \u00e1rea de Grupos donde con gusto te ayudaremos a resolver todas tus dudas y a planificar tu pr\u00f3ximo viaje grupal a cualquiera de los eventos del Foro Mundial de Universitarios.<\/p><p>Agencias y socios comerciales: contamos con un programa B2B pensado en agencias de viajes y socios estrat\u00e9gicos, bajo la pol\u00edtica ganar ganar hemos dise\u00f1ado un plan de beneficios que le permitir\u00e1 obtener tarifas netas o comisi\u00f3nables.<\/p><p><b>Cont\u00e1ctanos para conocer toda la informaci\u00f3n y unirte a la Red internacional de agencias de viajes y socios comerciales<\/b><\/p>\t\t\t\t\t\t\t\t<\/div>\n\t\t\t\t<div class=\"elementor-element elementor-element-916dd00 elementor-widget__width-initial elementor-widget elementor-widget-image\" data-id=\"916dd00\" data-element_type=\"widget\" data-settings=\"{&quot;ekit_we_effect_on&quot;:&quot;none&quot;}\" data-widget_type=\"image.default\">\n\t\t\t\t\t\t\t\t\t\t\t\t\t\t\t<img fetchpriority=\"high\" decoding=\"async\" width=\"800\" height=\"600\" src=\"https:\/\/foro-mundial.org\/web\/wp-content\/uploads\/2023\/06\/Grupos-Agencias.png\" class=\"attachment-large size-large wp-image-12090\" alt=\"\" srcset=\"https:\/\/foro-mundial.org\/web\/wp-content\/uploads\/2023\/06\/Grupos-Agencias.png 1024w, https:\/\/foro-mundial.org\/web\/wp-content\/uploads\/2023\/06\/Grupos-Agencias-300x225.png 300w, https:\/\/foro-mundial.org\/web\/wp-content\/uploads\/2023\/06\/Grupos-Agencias-768x576.png 768w\" sizes=\"(max-width: 800px) 100vw, 800px\" \/>\t\t\t\t\t\t\t\t\t\t\t\t\t\t\t<\/div>\n\t\t\t\t\t<\/div>\n\t\t<\/div>\n\t\t\t\t\t<\/div>\n\t\t<\/section>\n\t\t\t\t<section class=\"elementor-section elementor-top-section elementor-element elementor-element-ebf10c7 elementor-section-boxed elementor-section-height-default elementor-section-height-default\" data-id=\"ebf10c7\" data-element_type=\"section\" data-settings=\"{&quot;background_background&quot;:&quot;classic&quot;}\">\n\t\t\t\t\t\t<div class=\"elementor-container elementor-column-gap-default\">\n\t\t\t\t\t<div class=\"elementor-column elementor-col-100 elementor-top-column elementor-element elementor-element-85977c1\" data-id=\"85977c1\" data-element_type=\"column\">\n\t\t\t<div class=\"elementor-widget-wrap elementor-element-populated\">\n\t\t\t\t\t\t<div class=\"elementor-element elementor-element-eb4f3c4 elementor-invisible elementor-widget elementor-widget-exhibz-title\" data-id=\"eb4f3c4\" data-element_type=\"widget\" data-settings=\"{&quot;_animation&quot;:&quot;slideInUp&quot;,&quot;_animation_delay&quot;:350,&quot;ekit_we_effect_on&quot;:&quot;none&quot;}\" data-widget_type=\"exhibz-title.default\">\n\t\t\t\t<div class=\"elementor-widget-container\">\n\t\t\t\t\t\n    <div class=\"title-section-area\">\n        <h2 class=\"section-title\">\n            <span class=\"sub-title\"><\/span>\n\t\t\t1. Reg\u00edstrate al programa\n        <\/h2>\n\t\t                    <\/div><!-- Section title -->\n    \n    \n\n    \t\t\t\t<\/div>\n\t\t\t\t<\/div>\n\t\t\t\t<div class=\"elementor-element elementor-element-99371de elementor-invisible elementor-widget elementor-widget-exhibz-title\" data-id=\"99371de\" data-element_type=\"widget\" data-settings=\"{&quot;_animation&quot;:&quot;slideInUp&quot;,&quot;_animation_delay&quot;:350,&quot;ekit_we_effect_on&quot;:&quot;none&quot;}\" data-widget_type=\"exhibz-title.default\">\n\t\t\t\t<div class=\"elementor-widget-container\">\n\t\t\t\t\t\n    <div class=\"title-section-area\">\n        <h2 class=\"section-title\">\n            <span class=\"sub-title\"><\/span>\n\t\t\t2. Capac\u00edtate y certif\u00edcate c\u00f3mo representante comercial universitario.\n        <\/h2>\n\t\t                    <\/div><!-- Section title -->\n    \n    \n\n    \t\t\t\t<\/div>\n\t\t\t\t<\/div>\n\t\t\t\t<div class=\"elementor-element elementor-element-336e268 elementor-invisible elementor-widget elementor-widget-exhibz-title\" data-id=\"336e268\" data-element_type=\"widget\" data-settings=\"{&quot;_animation&quot;:&quot;slideInUp&quot;,&quot;_animation_delay&quot;:350,&quot;ekit_we_effect_on&quot;:&quot;none&quot;}\" data-widget_type=\"exhibz-title.default\">\n\t\t\t\t<div class=\"elementor-widget-container\">\n\t\t\t\t\t\n    <div class=\"title-section-area\">\n        <h2 class=\"section-title\">\n            <span class=\"sub-title\"><\/span>\n\t\t\t3. Comienza a generar ingresos\n        <\/h2>\n\t\t                    <\/div><!-- Section title -->\n    \n    \n\n    \t\t\t\t<\/div>\n\t\t\t\t<\/div>\n\t\t\t\t\t<\/div>\n\t\t<\/div>\n\t\t\t\t\t<\/div>\n\t\t<\/section>\n\t\t\t\t<section class=\"elementor-section elementor-top-section elementor-element elementor-element-c3b5734 elementor-section-boxed elementor-section-height-default elementor-section-height-default\" data-id=\"c3b5734\" data-element_type=\"section\" data-settings=\"{&quot;background_background&quot;:&quot;classic&quot;}\">\n\t\t\t\t\t\t<div class=\"elementor-container elementor-column-gap-default\">\n\t\t\t\t\t<div class=\"elementor-column elementor-col-100 elementor-top-column elementor-element elementor-element-d38c4ea\" data-id=\"d38c4ea\" data-element_type=\"column\">\n\t\t\t<div class=\"elementor-widget-wrap elementor-element-populated\">\n\t\t\t\t\t\t<div class=\"elementor-element elementor-element-9df2c34 elementor-widget__width-initial elementor-widget elementor-widget-image\" data-id=\"9df2c34\" data-element_type=\"widget\" data-settings=\"{&quot;ekit_we_effect_on&quot;:&quot;none&quot;}\" data-widget_type=\"image.default\">\n\t\t\t\t\t\t\t\t\t\t\t\t\t\t\t<img decoding=\"async\" width=\"800\" height=\"600\" src=\"https:\/\/foro-mundial.org\/web\/wp-content\/uploads\/2023\/06\/Grupos-Agencias-2.png\" class=\"attachment-large size-large wp-image-12125\" alt=\"\" srcset=\"https:\/\/foro-mundial.org\/web\/wp-content\/uploads\/2023\/06\/Grupos-Agencias-2.png 1024w, https:\/\/foro-mundial.org\/web\/wp-content\/uploads\/2023\/06\/Grupos-Agencias-2-300x225.png 300w, https:\/\/foro-mundial.org\/web\/wp-content\/uploads\/2023\/06\/Grupos-Agencias-2-768x576.png 768w\" sizes=\"(max-width: 800px) 100vw, 800px\" \/>\t\t\t\t\t\t\t\t\t\t\t\t\t\t\t<\/div>\n\t\t\t\t<div class=\"elementor-element elementor-element-3168c4b elementor-widget__width-initial elementor-invisible elementor-widget elementor-widget-text-editor\" data-id=\"3168c4b\" data-element_type=\"widget\" data-settings=\"{&quot;_animation&quot;:&quot;slideInRight&quot;,&quot;_animation_delay&quot;:350,&quot;ekit_we_effect_on&quot;:&quot;none&quot;}\" data-widget_type=\"text-editor.default\">\n\t\t\t\t\t\t\t\t\t<p>La serie de Congresos del Foro Mundial De Universitarios est\u00e1 constituida por m\u00e1s de 25 congresos internacionales y se celebra de manera anual en distintas sedes del mundo, no importa si estudias medicina, mercadotecnia, derecho o alguna otra carrera porque podr\u00e1s difundir cualquiera de los 25 congresos internacionales y en cualquiera de las sedes del evento, lo que abre la posibilidad de invitar primero a tu c\u00edrculo cercano de familia y amigos despu\u00e9s a cualquier estudiante de estas carreras de cualquier parte del mundo, podr\u00e1s utilizar herramientas de difusi\u00f3n y estrategias de alcance en redes sociales para llegar a m\u00e1s personas y recibir\u00e1s beneficios\u00a0<span style=\"color: #444444; font-family: verdana, arial, sans-serif; font-size: medium; text-align: start; white-space-collapse: preserve;\">seg\u00fan el<\/span> alcance que logres en el proceso de difusi\u00f3n as\u00ed como por la calidad de prospectos y clientes potenciales que logres captar, estos datos ser\u00e1n f\u00e1cilmente medibles a trav\u00e9s de la plataforma de nuestro socio estrat\u00e9gico xtend Agents.<\/p><p><b>Si eres universitario activo de cualquier universidad del mundo y quieres generar ingresos en tus tiempos libres este programa es perfecto para ti.<\/b><\/p>\t\t\t\t\t\t\t\t<\/div>\n\t\t\t\t\t<\/div>\n\t\t<\/div>\n\t\t\t\t\t<\/div>\n\t\t<\/section>\n\t\t\t\t<section class=\"elementor-section elementor-top-section elementor-element elementor-element-d2fe759 elementor-section-boxed elementor-section-height-default elementor-section-height-default\" data-id=\"d2fe759\" data-element_type=\"section\">\n\t\t\t\t\t\t<div class=\"elementor-container elementor-column-gap-default\">\n\t\t\t\t\t<div class=\"elementor-column elementor-col-100 elementor-top-column elementor-element elementor-element-e5b1520\" data-id=\"e5b1520\" data-element_type=\"column\">\n\t\t\t<div class=\"elementor-widget-wrap elementor-element-populated\">\n\t\t\t\t\t\t<div class=\"elementor-element elementor-element-ad09bd3 elementor-widget__width-inherit elementor-widget elementor-widget-text-editor\" data-id=\"ad09bd3\" data-element_type=\"widget\" data-settings=\"{&quot;ekit_we_effect_on&quot;:&quot;none&quot;}\" data-widget_type=\"text-editor.default\">\n\t\t\t\t\t\t\t\t\t<div class=\"BackTo\"><a href=\"#\" class=\"icon icon-chevron-up\"><\/a><\/div>\t\t\t\t\t\t\t\t<\/div>\n\t\t\t\t\t<\/div>\n\t\t<\/div>\n\t\t\t\t\t<\/div>\n\t\t<\/section>\n\t\t\t\t<section class=\"elementor-section elementor-top-section elementor-element elementor-element-6d3744b elementor-section-boxed elementor-section-height-default elementor-section-height-default\" data-id=\"6d3744b\" data-element_type=\"section\">\n\t\t\t\t\t\t<div class=\"elementor-container elementor-column-gap-default\">\n\t\t\t\t\t<div class=\"elementor-column elementor-col-100 elementor-top-column elementor-element elementor-element-668e9f1\" data-id=\"668e9f1\" data-element_type=\"column\">\n\t\t\t<div class=\"elementor-widget-wrap\">\n\t\t\t\t\t\t\t<\/div>\n\t\t<\/div>\n\t\t\t\t\t<\/div>\n\t\t<\/section>\n\t\t\t\t<\/div>\n\t\t","protected":false},"excerpt":{"rendered":"<p>Grupos y agencias Si formas parte de un grupo de Universitarios o te gustar\u00eda organizar un viaje y asistir al Foro Mundial de Universitarios junto a un grupo de al menos 25 personas, por favor cont\u00e1ctenos tenemos opciones de personalizaci\u00f3n para su itinerario de viaje, descuentos y beneficios al realizar reservaciones grupales, c\u00f3digos de descuento [&hellip;]<\/p>\n","protected":false},"author":1,"featured_media":12090,"parent":0,"menu_order":0,"comment_status":"closed","ping_status":"closed","template":"template\/template-onepage.php","meta":{"footnotes":""},"class_list":["post-12028","page","type-page","status-publish","has-post-thumbnail","hentry"],"aioseo_notices":[],"jetpack_sharing_enabled":true,"_links":{"self":[{"href":"https:\/\/foro-mundial.org\/web\/wp-json\/wp\/v2\/pages\/12028","targetHints":{"allow":["GET"]}}],"collection":[{"href":"https:\/\/foro-mundial.org\/web\/wp-json\/wp\/v2\/pages"}],"about":[{"href":"https:\/\/foro-mundial.org\/web\/wp-json\/wp\/v2\/types\/page"}],"author":[{"embeddable":true,"href":"https:\/\/foro-mundial.org\/web\/wp-json\/wp\/v2\/users\/1"}],"replies":[{"embeddable":true,"href":"https:\/\/foro-mundial.org\/web\/wp-json\/wp\/v2\/comments?post=12028"}],"version-history":[{"count":39,"href":"https:\/\/foro-mundial.org\/web\/wp-json\/wp\/v2\/pages\/12028\/revisions"}],"predecessor-version":[{"id":13005,"href":"https:\/\/foro-mundial.org\/web\/wp-json\/wp\/v2\/pages\/12028\/revisions\/13005"}],"wp:featuredmedia":[{"embeddable":true,"href":"https:\/\/foro-mundial.org\/web\/wp-json\/wp\/v2\/media\/12090"}],"wp:attachment":[{"href":"https:\/\/foro-mundial.org\/web\/wp-json\/wp\/v2\/media?parent=12028"}],"curies":[{"name":"wp","href":"https:\/\/api.w.org\/{rel}","templated":true}]}}