{"id":2079,"date":"2020-04-27T06:43:05","date_gmt":"2020-04-27T06:43:05","guid":{"rendered":"http:\/\/demo.themewinter.com\/wp\/exhibz\/eventin-demo\/?post_type=etn&#038;p=2079"},"modified":"2024-09-30T02:25:44","modified_gmt":"2024-09-30T02:25:44","slug":"congreso-mundial-de-estudiantes-de-nutricion-2025","status":"publish","type":"etn","link":"https:\/\/foro-mundial.org\/congresos\/etn\/congreso-mundial-de-estudiantes-de-nutricion-2025\/","title":{"rendered":"CONGRESO MUNDIAL DE ESTUDIANTES DE NUTRICI\u00d3N 2025"},"content":{"rendered":"<p>Conferencias Magistrales de T\u00f3picos Selectos:<br \/>\nNutrici\u00f3n integral<br \/>\nObesidad<br \/>\nDesnutrici\u00f3n<br \/>\nNutrig\u00e9netica<br \/>\nEconom\u00eda Alimentaria<br \/>\nNutrici\u00f3n deportiva<br \/>\nProbi\u00f3ticos<br \/>\nDietolog\u00eda<br \/>\nCalidad y seguridad alimentaria<br \/>\nSalud P\u00fablica<\/p>\n","protected":false},"excerpt":{"rendered":"<p>Conferencias Magistrales de T\u00f3picos Selectos: Nutrici\u00f3n integral Obesidad Desnutrici\u00f3n Nutrig\u00e9netica Econom\u00eda Alimentaria Nutrici\u00f3n deportiva Probi\u00f3ticos Dietolog\u00eda Calidad y seguridad alimentaria Salud P\u00fablica<\/p>\n","protected":false},"author":1,"featured_media":3544,"parent":0,"template":"","event_location":[140],"etn_category":[52,83],"etn_tags":[90,89],"yoast_head":"<!-- This site is optimized with the Yoast SEO plugin v20.8 - https:\/\/yoast.com\/wordpress\/plugins\/seo\/ -->\n<title>CONGRESO MUNDIAL DE ESTUDIANTES DE NUTRICI\u00d3N 2025 - Foro Mundial de Universitarios\u00ae<\/title>\n<meta name=\"robots\" content=\"index, follow, max-snippet:-1, max-image-preview:large, max-video-preview:-1\" \/>\n<link rel=\"canonical\" href=\"https:\/\/foro-mundial.org\/congresos\/etn\/congreso-mundial-de-estudiantes-de-nutricion-2025\/\" \/>\n<meta property=\"og:locale\" content=\"es_ES\" \/>\n<meta property=\"og:type\" content=\"article\" \/>\n<meta property=\"og:title\" content=\"CONGRESO MUNDIAL DE ESTUDIANTES DE NUTRICI\u00d3N 2025 - Foro Mundial de Universitarios\u00ae\" \/>\n<meta property=\"og:description\" content=\"Conferencias Magistrales de T\u00f3picos Selectos: Nutrici\u00f3n integral Obesidad Desnutrici\u00f3n Nutrig\u00e9netica Econom\u00eda Alimentaria Nutrici\u00f3n deportiva Probi\u00f3ticos Dietolog\u00eda Calidad y seguridad alimentaria Salud P\u00fablica\" \/>\n<meta property=\"og:url\" content=\"https:\/\/foro-mundial.org\/congresos\/etn\/congreso-mundial-de-estudiantes-de-nutricion-2025\/\" \/>\n<meta property=\"og:site_name\" content=\"Foro Mundial de Universitarios\u00ae\" \/>\n<meta property=\"article:modified_time\" content=\"2024-09-30T02:25:44+00:00\" \/>\n<meta property=\"og:image\" content=\"https:\/\/foro-mundial.org\/congresos\/wp-content\/uploads\/2020\/04\/Nutricion.jpg\" \/>\n\t<meta property=\"og:image:width\" content=\"750\" \/>\n\t<meta property=\"og:image:height\" content=\"465\" \/>\n\t<meta property=\"og:image:type\" content=\"image\/jpeg\" \/>\n<meta name=\"twitter:card\" content=\"summary_large_image\" \/>\n<meta name=\"twitter:label1\" content=\"Tiempo de lectura\" \/>\n\t<meta name=\"twitter:data1\" content=\"1 minuto\" \/>\n<script type=\"application\/ld+json\" class=\"yoast-schema-graph\">{\"@context\":\"https:\/\/schema.org\",\"@graph\":[{\"@type\":\"WebPage\",\"@id\":\"https:\/\/foro-mundial.org\/congresos\/etn\/congreso-mundial-de-estudiantes-de-nutricion-2025\/\",\"url\":\"https:\/\/foro-mundial.org\/congresos\/etn\/congreso-mundial-de-estudiantes-de-nutricion-2025\/\",\"name\":\"CONGRESO MUNDIAL DE ESTUDIANTES DE NUTRICI\u00d3N 2025 - Foro Mundial de Universitarios\u00ae\",\"isPartOf\":{\"@id\":\"https:\/\/foro-mundial.org\/congresos\/#website\"},\"datePublished\":\"2020-04-27T06:43:05+00:00\",\"dateModified\":\"2024-09-30T02:25:44+00:00\",\"breadcrumb\":{\"@id\":\"https:\/\/foro-mundial.org\/congresos\/etn\/congreso-mundial-de-estudiantes-de-nutricion-2025\/#breadcrumb\"},\"inLanguage\":\"es\",\"potentialAction\":[{\"@type\":\"ReadAction\",\"target\":[\"https:\/\/foro-mundial.org\/congresos\/etn\/congreso-mundial-de-estudiantes-de-nutricion-2025\/\"]}]},{\"@type\":\"BreadcrumbList\",\"@id\":\"https:\/\/foro-mundial.org\/congresos\/etn\/congreso-mundial-de-estudiantes-de-nutricion-2025\/#breadcrumb\",\"itemListElement\":[{\"@type\":\"ListItem\",\"position\":1,\"name\":\"Portada\",\"item\":\"https:\/\/foro-mundial.org\/congresos\/\"},{\"@type\":\"ListItem\",\"position\":2,\"name\":\"Events\",\"item\":\"https:\/\/foro-mundial.org\/congresos\/etn\/\"},{\"@type\":\"ListItem\",\"position\":3,\"name\":\"CONGRESO MUNDIAL DE ESTUDIANTES DE NUTRICI\u00d3N 2025\"}]},{\"@type\":\"WebSite\",\"@id\":\"https:\/\/foro-mundial.org\/congresos\/#website\",\"url\":\"https:\/\/foro-mundial.org\/congresos\/\",\"name\":\"Foro Mundial de Universitarios\u00ae\",\"description\":\"\",\"potentialAction\":[{\"@type\":\"SearchAction\",\"target\":{\"@type\":\"EntryPoint\",\"urlTemplate\":\"https:\/\/foro-mundial.org\/congresos\/?s={search_term_string}\"},\"query-input\":\"required name=search_term_string\"}],\"inLanguage\":\"es\"}]}<\/script>\n<!-- \/ Yoast SEO plugin. -->","yoast_head_json":{"title":"CONGRESO MUNDIAL DE ESTUDIANTES DE NUTRICI\u00d3N 2025 - Foro Mundial de Universitarios\u00ae","robots":{"index":"index","follow":"follow","max-snippet":"max-snippet:-1","max-image-preview":"max-image-preview:large","max-video-preview":"max-video-preview:-1"},"canonical":"https:\/\/foro-mundial.org\/congresos\/etn\/congreso-mundial-de-estudiantes-de-nutricion-2025\/","og_locale":"es_ES","og_type":"article","og_title":"CONGRESO MUNDIAL DE ESTUDIANTES DE NUTRICI\u00d3N 2025 - Foro Mundial de Universitarios\u00ae","og_description":"Conferencias Magistrales de T\u00f3picos Selectos: Nutrici\u00f3n integral Obesidad Desnutrici\u00f3n Nutrig\u00e9netica Econom\u00eda Alimentaria Nutrici\u00f3n deportiva Probi\u00f3ticos Dietolog\u00eda Calidad y seguridad alimentaria Salud P\u00fablica","og_url":"https:\/\/foro-mundial.org\/congresos\/etn\/congreso-mundial-de-estudiantes-de-nutricion-2025\/","og_site_name":"Foro Mundial de Universitarios\u00ae","article_modified_time":"2024-09-30T02:25:44+00:00","og_image":[{"width":750,"height":465,"url":"https:\/\/foro-mundial.org\/congresos\/wp-content\/uploads\/2020\/04\/Nutricion.jpg","type":"image\/jpeg"}],"twitter_card":"summary_large_image","twitter_misc":{"Tiempo de lectura":"1 minuto"},"schema":{"@context":"https:\/\/schema.org","@graph":[{"@type":"WebPage","@id":"https:\/\/foro-mundial.org\/congresos\/etn\/congreso-mundial-de-estudiantes-de-nutricion-2025\/","url":"https:\/\/foro-mundial.org\/congresos\/etn\/congreso-mundial-de-estudiantes-de-nutricion-2025\/","name":"CONGRESO MUNDIAL DE ESTUDIANTES DE NUTRICI\u00d3N 2025 - Foro Mundial de Universitarios\u00ae","isPartOf":{"@id":"https:\/\/foro-mundial.org\/congresos\/#website"},"datePublished":"2020-04-27T06:43:05+00:00","dateModified":"2024-09-30T02:25:44+00:00","breadcrumb":{"@id":"https:\/\/foro-mundial.org\/congresos\/etn\/congreso-mundial-de-estudiantes-de-nutricion-2025\/#breadcrumb"},"inLanguage":"es","potentialAction":[{"@type":"ReadAction","target":["https:\/\/foro-mundial.org\/congresos\/etn\/congreso-mundial-de-estudiantes-de-nutricion-2025\/"]}]},{"@type":"BreadcrumbList","@id":"https:\/\/foro-mundial.org\/congresos\/etn\/congreso-mundial-de-estudiantes-de-nutricion-2025\/#breadcrumb","itemListElement":[{"@type":"ListItem","position":1,"name":"Portada","item":"https:\/\/foro-mundial.org\/congresos\/"},{"@type":"ListItem","position":2,"name":"Events","item":"https:\/\/foro-mundial.org\/congresos\/etn\/"},{"@type":"ListItem","position":3,"name":"CONGRESO MUNDIAL DE ESTUDIANTES DE NUTRICI\u00d3N 2025"}]},{"@type":"WebSite","@id":"https:\/\/foro-mundial.org\/congresos\/#website","url":"https:\/\/foro-mundial.org\/congresos\/","name":"Foro Mundial de Universitarios\u00ae","description":"","potentialAction":[{"@type":"SearchAction","target":{"@type":"EntryPoint","urlTemplate":"https:\/\/foro-mundial.org\/congresos\/?s={search_term_string}"},"query-input":"required name=search_term_string"}],"inLanguage":"es"}]}},"_links":{"self":[{"href":"https:\/\/foro-mundial.org\/congresos\/wp-json\/wp\/v2\/etn\/2079"}],"collection":[{"href":"https:\/\/foro-mundial.org\/congresos\/wp-json\/wp\/v2\/etn"}],"about":[{"href":"https:\/\/foro-mundial.org\/congresos\/wp-json\/wp\/v2\/types\/etn"}],"author":[{"embeddable":true,"href":"https:\/\/foro-mundial.org\/congresos\/wp-json\/wp\/v2\/users\/1"}],"wp:featuredmedia":[{"embeddable":true,"href":"https:\/\/foro-mundial.org\/congresos\/wp-json\/wp\/v2\/media\/3544"}],"wp:attachment":[{"href":"https:\/\/foro-mundial.org\/congresos\/wp-json\/wp\/v2\/media?parent=2079"}],"wp:term":[{"taxonomy":"event_location","embeddable":true,"href":"https:\/\/foro-mundial.org\/congresos\/wp-json\/wp\/v2\/event_location?post=2079"},{"taxonomy":"etn_category","embeddable":true,"href":"https:\/\/foro-mundial.org\/congresos\/wp-json\/wp\/v2\/etn_category?post=2079"},{"taxonomy":"etn_tags","embeddable":true,"href":"https:\/\/foro-mundial.org\/congresos\/wp-json\/wp\/v2\/etn_tags?post=2079"}],"curies":[{"name":"wp","href":"https:\/\/api.w.org\/{rel}","templated":true}]}}

CONGRESO MUNDIAL DE ESTUDIANTES DE NUTRICIÓN 2025

<p>Conferencias Magistrales de Tópicos Selectos:<br />
Nutrición integral<br />
Obesidad<br />
Desnutrición<br />
Nutrigénetica<br />
Economía Alimentaria<br />
Nutrición deportiva<br />
Probióticos<br />
Dietología<br />
Calidad y seguridad alimentaria<br />
Salud Pública</p>

<p>Conferencias Magistrales de Tópicos Selectos: Nutrición integral Obesidad Desnutrición Nutrigénetica Economía Alimentaria Nutrición deportiva Probióticos Dietología Calidad y seguridad alimentaria Salud Pública</p>

<!-- This site is optimized with the Yoast SEO plugin v20.8 - https://yoast.com/wordpress/plugins/seo/ -->
<title>CONGRESO MUNDIAL DE ESTUDIANTES DE NUTRICIÓN 2025 - Foro Mundial de Universitarios®</title>
<meta name="robots" content="index, follow, max-snippet:-1, max-image-preview:large, max-video-preview:-1" />
<link rel="canonical" href="https://foro-mundial.org/congresos/etn/congreso-mundial-de-estudiantes-de-nutricion-2025/" />
<meta property="og:locale" content="es_ES" />
<meta property="og:type" content="article" />
<meta property="og:title" content="CONGRESO MUNDIAL DE ESTUDIANTES DE NUTRICIÓN 2025 - Foro Mundial de Universitarios®" />
<meta property="og:description" content="Conferencias Magistrales de Tópicos Selectos: Nutrición integral Obesidad Desnutrición Nutrigénetica Economía Alimentaria Nutrición deportiva Probióticos Dietología Calidad y seguridad alimentaria Salud Pública" />
<meta property="og:url" content="https://foro-mundial.org/congresos/etn/congreso-mundial-de-estudiantes-de-nutricion-2025/" />
<meta property="og:site_name" content="Foro Mundial de Universitarios®" />
<meta property="article:modified_time" content="2024-09-30T02:25:44+00:00" />
<meta property="og:image" content="https://foro-mundial.org/congresos/wp-content/uploads/2020/04/Nutricion.jpg" />
	<meta property="og:image:width" content="750" />
	<meta property="og:image:height" content="465" />
	<meta property="og:image:type" content="image/jpeg" />
<meta name="twitter:card" content="summary_large_image" />
<meta name="twitter:label1" content="Tiempo de lectura" />
	<meta name="twitter:data1" content="1 minuto" />
<script type="application/ld+json" class="yoast-schema-graph">{"@context":"https://schema.org","@graph":[{"@type":"WebPage","@id":"https://foro-mundial.org/congresos/etn/congreso-mundial-de-estudiantes-de-nutricion-2025/","url":"https://foro-mundial.org/congresos/etn/congreso-mundial-de-estudiantes-de-nutricion-2025/","name":"CONGRESO MUNDIAL DE ESTUDIANTES DE NUTRICIÓN 2025 - Foro Mundial de Universitarios®","isPartOf":{"@id":"https://foro-mundial.org/congresos/#website"},"datePublished":"2020-04-27T06:43:05+00:00","dateModified":"2024-09-30T02:25:44+00:00","breadcrumb":{"@id":"https://foro-mundial.org/congresos/etn/congreso-mundial-de-estudiantes-de-nutricion-2025/#breadcrumb"},"inLanguage":"es","potentialAction":[{"@type":"ReadAction","target":["https://foro-mundial.org/congresos/etn/congreso-mundial-de-estudiantes-de-nutricion-2025/"]}]},{"@type":"BreadcrumbList","@id":"https://foro-mundial.org/congresos/etn/congreso-mundial-de-estudiantes-de-nutricion-2025/#breadcrumb","itemListElement":[{"@type":"ListItem","position":1,"name":"Portada","item":"https://foro-mundial.org/congresos/"},{"@type":"ListItem","position":2,"name":"Events","item":"https://foro-mundial.org/congresos/etn/"},{"@type":"ListItem","position":3,"name":"CONGRESO MUNDIAL DE ESTUDIANTES DE NUTRICIÓN 2025"}]},{"@type":"WebSite","@id":"https://foro-mundial.org/congresos/#website","url":"https://foro-mundial.org/congresos/","name":"Foro Mundial de Universitarios®","description":"","potentialAction":[{"@type":"SearchAction","target":{"@type":"EntryPoint","urlTemplate":"https://foro-mundial.org/congresos/?s={search_term_string}"},"query-input":"required name=search_term_string"}],"inLanguage":"es"}]}</script>
<!-- / Yoast SEO plugin. -->

CONGRESO MUNDIAL DE ESTUDIANTES DE NUTRICIÓN 2025 - Foro Mundial de Universitarios®

Conferencias Magistrales de Tópicos Selectos: Nutrición integral Obesidad Desnutrición Nutrigénetica Economía Alimentaria Nutrición deportiva Probióticos Dietología Calidad y seguridad alimentaria Salud Pública
